erivative of f**3/3 - 3*f**2 + f - 3. Let u be (8 + -4)/((-7)/((-84)/8)). Suppose 2*q - 2 - u = 0. What is c(q)?
-7
Let i(f) = -f**2 + 31*f - 29. Let d be i(30). Let t(h) = -18*h**2 - h. Let c(s) = s. Let q(y) = -2*c(y) - t(y). Determine q(d).
17
Let y(h) = 38*h + 1673. Let w be y(-44). Let j(z) = -3*z**3 + 10*z**2 - 7*z - 2. Calculate j(w).
-2
Let p(d) be the second derivative of -5*d**4/6 + d**3/6 + d**2/2 - 87*d - 9. Determine p(1).
-8
Let t(r) = 5*r - 58. Let n(j) = -j**2 - 100*j - 966. Let f be n(-89). Determine t(f).
7
Let z be 0 + (0 - (0 + -1)). Let q(i) be the third derivative of i**6/10 - i**4/12 + i**3/6 + i**2 - 18*i - 1924. Give q(z).
11
Let y be 2 - ((3 - 0) + -13). Let p(o) be the second derivative of o**4/12 - 13*o**3/6 + 11*o**2/2 - o - 14. Determine p(y).
-1
Let l(g) = -34*g - 2. Let k(w) = -1435*w. Let p(v) = -k(v) + 42*l(v). Determine p(9).
-21
Let f = 44 - 40. Let l be -21*(-1 + -3 + (f - 1)). Let o(r) = 4 - 1 - 2*r - r**3 + l*r**2 - 26*r**2. Determine o(-3).
-9
Let t be -5 - (-1 - 12/(-4))/(-2). Let l(u) be the second derivative of u**3/6 - 5*u. Let k(c) = 2*c**2 + 12*c. Let h(a) = -k(a) + 6*l(a). Calculate h(t).
-8
Let y(u) = 59*u + 9. Let s be y(4). Let c be ((-6)/(-5))/(21/s). Let r(b) = -9*b + c - 10 + b**2 + 3. What is r(6)?
-11
Suppose 4*n + 13 = -23. Let v = n - -13. Let y(k) = -4*k**2 - k + 3*k**2 + 2 + 0*k. What is y(v)?
-18
Let o(b) = 16 + 1459*b + 17 - 742*b + b**2 - 731*b. What is o(11)?
0
Suppose 99 = -10782*x + 10815*x. Let o(w) = 13*w - 33. Determine o(x).
6
Let t(y) = -y**2 + 3*y - 4. Let n(m) = -3*m**2 - 4*m - 26. Let r(w) = n(w) - 2*t(w). Determine r(-9).
-9
Let g(a) be the second derivative of a**5/20 - a**4/12 - 5*a**3/2 + 5*a**2/2 + 3367*a. Determine g(3).
-22
Let w(p) = p**2 - 3*p + 1. Suppose -2*h = 2*h + 2*h. Suppose h = -10*c + 15*c - 175. Suppose -3*s + 2*l = s - 18, 5*l = 5*s - c. Determine w(s).
-1
Let b(f) be the first derivative of -f**4/2 + 4*f**3 + 13*f**2/2 - 27*f + 13749. Determine b(6).
51
Let x(d) = -d**2 + 59*d + 842. Let t(f) = f**2 - 68*f - 839. Let b(z) = -5*t(z) - 6*x(z). Give b(-23).
-6
Let d(s) = 2*s**2 - 19*s + 12. Let l be d(9). Let f(r) = -2 - 4 + 6*r**3 + 2 + 4*r**2 - 7*r**3 - l*r. Let p = 102 + -99. Determine f(p).
-4
Let w(q) = -8*q**2 + 14*q - 8. Let d(h) = 19*h**2 - 30*h + 15. Let m(a) = -3*d(a) - 7*w(a). Let t(v) = -v**2 + 6*v + 82. Let y be t(-7). Calculate m(y).
2
Suppose -5*j = -3*m + 79, -1575*j + 1576*j = 4*m - 111. Let a(p) = -p**3 + 31*p**2 - 83*p - 40. Determine a(m).
-12
Let h(w) = w - 6. Let g be (-1 + 6/9)/((-3)/27). Let r be (-50)/15*g/(-2). Give h(r).
-1
Suppose 0 = 2*i - 3*z + 22, 774*z - 22 = 4*i + 779*z. Let d(j) = j**3 + 7*j**2 - 7*j. What is d(i)?
-8
Let f(x) = 7*x**2 + 16*x + 2. Let r(u) = -11*u**2 - 24*u - 3. Suppose 3*s - s = 2*p + 12, 4*p = 3*s - 16. Let n(z) = s*f(z) + 5*r(z). Give n(-6).
-11
Let l be 6/(-15)*(-75)/3. Suppose -4*o = 16, 0 = 4*p + l*o - 5*o + 32. Let n(u) = -u**2 + u. Determine n(p).
-12
Let j(g) = 5*g - 211. Let r(q) = q - 21. Let t(d) = 2*j(d) - 21*r(d). Give t(11).
-102
Suppose 26 = -5*h + 61. Let s(z) be the second derivative of -z**3/3 + 21*z**2/2 - 14872*z. Determine s(h).
7
Let j be 0 + ((-4)/12)/((-2)/(-12)). Let t(y) = -y**2 + 2*y - 4. Let d(n) = 2*n**2 - 3*n + 6. Let a(w) = 3*d(w) + 5*t(w). Determine a(j).
0
Let s(d) be the first derivative of d**4/4 - 2*d**3 + d**2 + 6*d + 4182. Determine s(5).
-9
Suppose 22*r = -15*r + 12*r + 125. Let y(k) = 3*k**2 + 2*k + 1. Let f(z) = 4*z**2 + z + 2. Let h(v) = -4*f(v) + 5*y(v). Give h(r).
2
Let f(w) = w**2 - 20*w + 107. Let j be f(10). Let n(i) be the first derivative of -j + 7*i + 1/2*i**2. Give n(-3).
4
Let w(m) be the first derivative of m**2/2 - 3*m - 1. Let l be (-4 - -31) + (-1)/((-3)/(-12)). Let q = l + -20. Determine w(q).
0
Let j(t) = t**2 + 2*t - 96. Let z be j(-11). Let p(r) = -r**z - r**2 - 1 - 38028*r + 38028*r + 2*r**3. Let n = 0 + 2. Give p(n).
3
Let m(d) be the first derivative of 3*d**2/2 - 101*d - 1429. Calculate m(40).
19
Let b = 103 - 87. Suppose 2*h = 4*t + 22, 0 = h - 5*h + t + b. Let w(f) = 0 + 236*f**2 + f**h + 6 + 5*f - 231*f**2. Calculate w(-4).
2
Let j = -90 + 93. Suppose -c = -j*f + 12, -3*c - 1 = -f - f. Suppose 24 = -4*p - 4*a, 6*p + 4*a = c*p - 20. Let l(k) = -k**3 - 4*k**2 + k - 5. Give l(p).
-9
Let z = 330 + -323. Let f(r) = -71 + 59 + z*r - 6*r. What is f(8)?
-4
Suppose 3*t + 189 = 3*d + 171, -2*t = 2. Let j(n) = 2*n**2 - 9*n + 9. Determine j(d).
14
Let n(a) = -2*a + 26. Let k be n(18). Let g(y) = -y**2 + 11*y + 1. Let x be g(9). Let q(j) = x*j**2 - 21*j**2 + j**2 - 11*j. Calculate q(k).
10
Let y(m) = 27*m - 83. Let o(i) = 17*i - 55. Let q(a) = -8*o(a) + 5*y(a). Let j(t) = -3*t + 79. Let w(c) = 2*j(c) - 7*q(c). Calculate w(17).
0
Let l(s) = -s**3 + 4*s**2 + 5*s - 4. Suppose 2*h + 5*j - 2*j - 116 = 0, 0 = -3*h + 5*j + 193. Let d be ((0 + 99)/1)/(60/40). Let i = d - h. Give l(i).
-4
Let g = 15125 - 15135. Let z(n) = n**3 + 14*n**2 + 40*n + 12. Calculate z(g).
12
Let j(y) = -12*y - 31. Let p be j(-3). Let s(h) = -h + 1. Let f(b) = -10*b + 12. Let v(i) = -f(i) + 6*s(i). What is v(p)?
14
Let c(o) be the second derivative of o**5/20 + 3*o**4/4 - o**3/6 - 2*o**2 + 21*o + 31. Let p = 4 - 13. Determine c(p).
5
Let h(y) = -2*y + 2. Let c(x) = 3*x**2 + 10*x + 2. Let j be c(-1). Let n be (-13)/1 - j - -8. Give h(n).
2
Suppose -2*c + 0 - 1 = d, 0 = -3*d - c - 23. Let r = -6 - d. Let k(b) be the third derivative of -b**4/6 + b**3/3 - 776*b**2. What is k(r)?
-10
Suppose u + 4*c - 2 = 2, 0 = -5*u - c + 1. Let r be (18/(-6))/(3/(-2)). Let j(b) = b**2 + r*b + 5 - 2*b. Calculate j(u).
5
Let q(r) = -r**3 - 4*r**2 + 13*r + 3. Let c be q(-6). Let x = c - -6. Let y(a) = 64 - 3*a**x - 64 + a. Determine y(-1).
2
Let w(d) = -68 + 729*d + 60 - d**2 - 726*d. Give w(2).
-6
Let i = -886 + 883. Let a(b) = -1 - b**2 + 0 + 7*b**3 - 8*b**3 + 2*b. Give a(i).
11
Let r(l) = -l**2 - 28162*l + 28175*l + 3*l**2 - l**2 + 24. Determine r(-12).
12
Let c(y) = -y + 1 - 1 - 3. Let t(x) be the second derivative of x**5/4 + 25*x**4/12 + x**3/2 + 4*x**2 - 75*x. Let w be t(-5). What is c(w)?
4
Let g(x) = -18*x - 220. Let r(j) = 9*j + 110. Let q(o) = 3*g(o) + 5*r(o). Give q(-15).
25
Let b be (7 - 6)*-3*2. Let i(d) be the third derivative of -d**7/2520 + d**6/360 - d**5/5 - 13*d**2. Let r(u) be the third derivative of i(u). What is r(b)?
14
Let y(x) = 3*x**2 + 3*x + 2*x - 6*x + x**3. Let a(i) = -i**3 - 61*i**2 + 130*i + 249. Let k be a(-63). What is y(k)?
3
Let w(i) = i**3 - 4*i**2 + 2*i + 3. Let o be w(3). Let y(r) be the second derivative of -r**5/20 + r**4/6 + 3*r**2/2 + r - 43391. Give y(o).
3
Suppose -3*g - 65 = -2*j, 139*g = 2*j + 135*g - 60. Let v(b) = b**3 - 42*b**2 + 81*b - 40. Determine v(j).
0
Let q(l) = -l**2. Let y(b) = 2*b**2 + b - 10. Let p(g) = -3*g - 91. Let u be p(-30). Let s(z) = u*y(z) - q(z). What is s(0)?
10
Let y(q) be the third derivative of q**5/30 - q**4/8 + 27*q**3/2 - 22*q**2. Let h(l) be the first derivative of y(l). Determine h(4).
13
Let w(x) be the third derivative of x**7/2520 - x**6/720 + x**5/120 + 23*x**4/24 + x**3/2 + 65*x**2. Let v(c) be the second derivative of w(c). What is v(3)?
7
Let t(p) = -2*p + 4. Let b(j) = 3*j - 9. Let a(u) = 3*b(u) + 5*t(u). What is a(6)?
-13
Let p = 25516 - 25522. Let r(q) = -5*q**2 + 2*q**3 - 3*q**3 + 2 - q**2. Determine r(p).
2
Let r(v) = -v**3 + 3*v**2 + 3*v - 6. Let o(g) = -11*g + 63. Let l be o(4). Suppose -l*q = -9*q - 40. Give r(q).
-10
Let i(k) = -k**3 - 11*k**2 + k + 12. Suppose 16 = -4*f, -15*f = 2*l - 11*f. Let y(s) = -s**3 + 5*s**2 + 27*s - 35. Let b be y(l). Calculate i(b).
1
Let v(j) be the third derivative of j**5/60 + j**4/3 - 19*j**3 + 496*j**2. Determine v(-15).
-9
Let l(y) = -y**3 + 7*y**2 - 3*y + 10. Suppose 4*p - 22*p = -126. Give l(p).
-11
Let g(r) be the third derivative of 5*r**4/12 - 53*r**3/3 - 6216*r**2. Calculate g(9).
-16
Let y(b) = -14 + 41 + 9*b + 33 + b + 167. Give y(-20).
27
Let r(w) = w**2 + 16*w + 46. Suppose 14*m + 63 + 1 = -34. Give r(m).
-17
Let d be (-2)/12 + (-21)/(-18) + 4. Let p(u) = 188 - u + u**2 + 0*u**2 - 195. Give p(d).
13
Let i(m) = -2*m + 18. Suppose -5*y + 3 = -2*o - 0*y, o - 4*y - 6 = 0. Calculate i(o).
46
Suppose -2*m = 2*b + 344, 8 = -m - 2*b - 160. Let i = -187 - m. Let x(h) = -h